{"id":351,"date":"2021-12-10T16:08:58","date_gmt":"2021-12-10T16:08:58","guid":{"rendered":"https:\/\/friedenskreis.de\/?page_id=351"},"modified":"2021-12-10T16:08:58","modified_gmt":"2021-12-10T16:08:58","slug":"ein-teeloeffel-wasser","status":"publish","type":"page","link":"https:\/\/friedenskreis.de\/?page_id=351","title":{"rendered":"Ein Teel\u00f6ffel Wasser"},"content":{"rendered":"\n<p>Roger Reinhard<\/p>\n\n\n\n<p><\/p>\n\n\n\n<p>\u201e<em>In diesen Tagen sollte jeder, der f\u00fcr Frieden ist, Wasser besorgen \u2013 wenigstens einen Teel\u00f6ffel voll \u2013 und es in das Feuer gie\u00dfen: Er sollte seine Stimme erheben gegen die Kriegsverbrechen der einen wie der anderen Seite und den Opfern dieser Verbrechen seine Hilfe anbieten.\u201c<\/em> (Amos Oz, Tel Aviv)<\/p>\n\n\n\n<p>Liebe Freundinnen und Freunde,<\/p>\n\n\n\n<p>liebe Leute auf den Wegen des Friedens,<\/p>\n\n\n\n<p>ich begr\u00fc\u00dfe mit euch ein neues Jahr und f\u00fclle es mit neuen Vors\u00e4tzen und positiven Erwartungen. Ich w\u00fcnsche uns, da\u00df uns wie bisher die Hoffnung wider alle Hoffnungslosigkeit durch diese Zeit tr\u00e4gt.<\/p>\n\n\n\n<p>F\u00fcr mich sind die Tage des Jahresbeginns angef\u00fcllt mit Vorbereitungen f\u00fcr einen dreimonatigen Aufenthalt (24.Januar bis 23.April)in Pal\u00e4stina. Ich werde im Rahmen eines Freiwilligenprogramms f\u00fcr Nahost mitarbeiten, das der Weltkirchenrat (mit Sitz in Genf) innerhalb der Dekade \u201eGewalt \u00fcberwinden\u201c begonnen hat.<\/p>\n\n\n\n<p>Dabei geht es um konkrete Zeichen der Solidarit\u00e4t mit den bedr\u00e4ngten Menschen und um eine Unterst\u00fctzung all jener, die gewaltfrei und aktiv f\u00fcr Frieden und Vers\u00f6hnung eintreten auf beiden Seiten des Konfliktes. Der Focus der eskalierenden Auseinandersetzungen ist die andauernde milit\u00e4rische Besatzung und Besiedlung Pal\u00e4stinas durch Israel. So wird der Einsatz voraussichtlich das Begleiten gef\u00e4hrdeter Personen auf den durch die vielen Checkpoints des Milit\u00e4rs behinderten Wegen (z.B. zur Arbeit, zur Schule, zum Krankenhaus) ebenso einschlie\u00dfen wie die Teilnahme an gewaltfreien Widerstandsaktionen zusammen mit den \u00f6rtlichen Friedensgruppen. Eine weitere Aufgabe wird die F\u00f6rderung von Begegnungen sein zwischen den Menschen aus den verfeindeteten Parteien und die Vernetzung arabischer und israelischer Gruppen.<\/p>\n\n\n\n<p>Mit regelm\u00e4\u00dfigen Berichten \u00fcber die Beobachtungen und das Alltagserleben von Besatzung w\u00e4hrend des Aufenthaltes und nach meiner R\u00fcckkehr soll die \u00d6ffentlichkeit hierzulande sensibilisiert werden. Damit k\u00f6nnte die \u00fcbliche Berichterstattung \u00fcber den Konflikt in den hiesigen Medien erg\u00e4nzt und gegebenenfalls korrigiert und &nbsp;Menschen f\u00fcr eine Anteilnahme am Konflikt motiviert werden.<\/p>\n\n\n\n<p>Ich habe inzwischen entsprechende Vertr\u00e4ge mit dem WCC (World Council of Churches) und mit \u201ePax Christi\u201c Deutschland geschlossen. Welche Friedensgruppe in Israel oder Pal\u00e4stina mein Arbeit- und Gastgeber sein wird, das wird von einer Koordinationsstelle des Projektes in Jerusalem mit meiner Beteiligung noch ausgew\u00e4hlt.<\/p>\n\n\n\n<p>Manche von euch fragen mich: was kannst du denn von au\u00dfen kommend zum L\u00f6schen des Brandherdes beitragen? Ist dieser Teufelskreis von Gewalt und Gegengewalt \u00fcberhaupt zu unterbrechen, nachdem er schon von den Beteiligten in der dritten Generation gesch\u00fcrt und schmerzhaft erlitten wird? Steigt doch die Hoffnungslosigkeit und Bitterkeit mit jedem Waffengang, mit jedem Reflex der Rache. Und die gesamte Region droht in Chaos und vollst\u00e4ndiger Zerst\u00f6rung menschlichen Lebens und Zusammenlebens zu versinken.<\/p>\n\n\n\n<p>Ich erinnere den Gedanken von Christa Wolf: \u201eWenn wir die Hoffnung aufgeben, kommt, was wir bef\u00fcrchten, bestimmt!\u201c Nicht zuletzt geht es darum, die Zeichen von Hoffnung wahrzunehmen und zu verst\u00e4rken, die auch in diesem Krieg von einzelnen Menschen und Gruppen ausgehen.<\/p>\n\n\n\n<p>Nat\u00fcrlich verbinden sich f\u00fcr mich besondere Herausforderungen mit diesem Einsatz. In diesem langen und heillos aufgeladenen und scheinbar ausweglosen Konflikt spielen rassische und religi\u00f6se Vorbehalte keine geringe Rolle. Wie kann da dem Frieden der Weg bereitet werden? Was ist der Beitrag der christlichen Kirchen dazu? Haben die Theologen \u00fcberhaupt etwas zu sagen? Ich freue mich auf die Begegnungen mit fremden Menschen und deren Erfahrungen, und auf die m\u00f6gliche Entdeckung meiner Verwandtschaft mit ihnen.<\/p>\n\n\n\n<p>Mit meiner Teilnahme an dem Projekt erf\u00fcllt sich f\u00fcr mich ein lebenslang gewachsener Wunsch. Mein innerer Anspruch trifft hier auf eine passende Anfrage von au\u00dfen. Einmal mehr sehe ich mich gef\u00fchrt auf einem Weg, den ich selbst gew\u00e4hlt habe. Meine Entscheidung mobilisiert neue Energien in mir.<\/p>\n\n\n\n<p>Ohne mein Verschulden hatte sich die Umsetzung meiner Pl\u00e4ne \u00fcber ein Jahr verz\u00f6gert. In dieser Wartezeit vertiefte und kl\u00e4rte sich meine Motivation. Zugleich hat sich die Familiensituation so entwickelt, da\u00df Mathilde ihre Zustimmung aus ganzem Herzen gibt. Das ist f\u00fcr mich ein starker R\u00fcckhalt. Auch die Ermutigung durch meine erwachsenen T\u00f6chter Verena und Franziska erleichtert mir den Aufbruch.<\/p>\n\n\n\n<p>Ich wei\u00df mich in der Sache von vielen von euch getragen. Ich werde mich auf den Weg machen in enger Verbundenheit insbesondere mit den Mitstreitern der heimischen Friedensgruppen. Hier habe ich mein \u201eBasislager\u201c f\u00fcr jede Unterst\u00fctzung. Schlie\u00dflich habe ich die Hoffnung, meine Erfahrungen der kommenden Monate in die Friedensarbeit nach der Heimkehr &nbsp;einzubringen.<\/p>\n\n\n\n<p>Ich kann nicht wissen, was an Gefahren auf mich zukommt. Ich wei\u00df wohl um die m\u00f6glichen Zumutungen wie beobachtete Gewaltanwendungen, Dem\u00fctigungen von Menschen und \u00c4u\u00dferungen des Hasses.<\/p>\n\n\n\n<p>Sicher wei\u00df ich mich allein in einem tiefen Vertrauen auf die unzerst\u00f6rbare und ver\u00e4ndernde \u201eKern-Energie\u201c in mir und in den Menschen, die mir begegnen werden. Ich w\u00fcnsche mir ein stetiges Angebundensein an meine inneren Kraftquellen.<\/p>\n\n\n\n<p>Ich werde vermutlich nicht viel f\u00fcr andere bewegen k\u00f6nnen. Ich gehe im Bewu\u00dftsein, die meine jahrzehntelange Friedensarbeit bewegt hat: Ich arbeite nicht zuletzt f\u00fcr meine eigene W\u00fcrde, Selbstbestimmung und Freiheit.<\/p>\n\n\n\n<p>Liebe Freunde, wir bleiben in Gedanken verbunden. Dar\u00fcber hinaus gibt es die elektronische Verbindungsschnur, die zuerst zu Mathilde und zum Pax Christi Sekretariat f\u00fchren wird.<\/p>\n\n\n\n<p>Liebe Freunde, uns verbindet der Wunsch, da\u00df das neue Jahr 2004 ein gesegnetes und friedvolles werde f\u00fcr uns und die von Krieg gepeinigten Menschen in allen Regionen der Erde.<\/p>\n\n\n\n<p>&nbsp;\u201ePEACE IS NOT A SEASON \u2013 IT IS A WAY OF LIFE\u201c. Diese Einsicht begleitet mich seit meinem ersten Besuch in Pal\u00e4stina vor sechs Jahren.<\/p>\n\n\n\n<p>Shalom \u2013 Salaam<\/p>\n\n\n\n<p>Franz-Roger Reinhard&nbsp;&nbsp;&nbsp;&nbsp;&nbsp;&nbsp;&nbsp;&nbsp;&nbsp;&nbsp;&nbsp;&nbsp;&nbsp;&nbsp;&nbsp;&nbsp;&nbsp;&nbsp;&nbsp;&nbsp;&nbsp;&nbsp;&nbsp;&nbsp;&nbsp;&nbsp;&nbsp;&nbsp;&nbsp;&nbsp;&nbsp;&nbsp;&nbsp;&nbsp;&nbsp;&nbsp;&nbsp; Havixbeck, am 1.Januar 2004<\/p>\n","protected":false},"excerpt":{"rendered":"<p>Roger Reinhard \u201eIn diesen Tagen sollte jeder, der f\u00fcr Frieden ist, Wasser besorgen \u2013 wenigstens einen Teel\u00f6ffel voll \u2013 und es in das Feuer gie\u00dfen: Er sollte seine Stimme erheben gegen die Kriegsverbrechen der einen wie der anderen Seite und den Opfern dieser Verbrechen seine Hilfe anbieten.\u201c (Amos Oz, Tel Aviv) Liebe Freundinnen und Freunde, &hellip; <\/p>\n<p class=\"link-more\"><a href=\"https:\/\/friedenskreis.de\/?page_id=351\" class=\"more-link\"><span class=\"screen-reader-text\">\u201eEin Teel\u00f6ffel Wasser\u201c<\/span> weiterlesen<\/a><\/p>\n","protected":false},"author":1,"featured_media":0,"parent":0,"menu_order":0,"comment_status":"closed","ping_status":"closed","template":"","meta":[],"_links":{"self":[{"href":"https:\/\/friedenskreis.de\/index.php?rest_route=\/wp\/v2\/pages\/351"}],"collection":[{"href":"https:\/\/friedenskreis.de\/index.php?rest_route=\/wp\/v2\/pages"}],"about":[{"href":"https:\/\/friedenskreis.de\/index.php?rest_route=\/wp\/v2\/types\/page"}],"author":[{"embeddable":true,"href":"https:\/\/friedenskreis.de\/index.php?rest_route=\/wp\/v2\/users\/1"}],"replies":[{"embeddable":true,"href":"https:\/\/friedenskreis.de\/index.php?rest_route=%2Fwp%2Fv2%2Fcomments&post=351"}],"version-history":[{"count":1,"href":"https:\/\/friedenskreis.de\/index.php?rest_route=\/wp\/v2\/pages\/351\/revisions"}],"predecessor-version":[{"id":353,"href":"https:\/\/friedenskreis.de\/index.php?rest_route=\/wp\/v2\/pages\/351\/revisions\/353"}],"wp:attachment":[{"href":"https:\/\/friedenskreis.de\/index.php?rest_route=%2Fwp%2Fv2%2Fmedia&parent=351"}],"curies":[{"name":"wp","href":"https:\/\/api.w.org\/{rel}","templated":true}]}}